{"id":13717,"date":"2023-01-27T17:21:30","date_gmt":"2023-01-27T16:21:30","guid":{"rendered":"https:\/\/miroir-iv.mis-amigos-los-arboles.org\/dt_gallery\/ecosysteme-du-paramo-et-de-la-foret-andine\/"},"modified":"2023-02-07T15:05:19","modified_gmt":"2023-02-07T14:05:19","slug":"ecosysteme-du-paramo-et-de-la-foret-andine","status":"publish","type":"dt_gallery","link":"https:\/\/miroir-iv.mis-amigos-los-arboles.org\/fr\/dt_gallery\/ecosysteme-du-paramo-et-de-la-foret-andine\/","title":{"rendered":"Ecosyst\u00e8me du p\u00e1ramo et de la for\u00eat andine"},"content":{"rendered":"","protected":false},"excerpt":{"rendered":"","protected":false},"author":1,"featured_media":12831,"comment_status":"closed","ping_status":"closed","template":"","dt_gallery_category":[62],"class_list":["post-13717","dt_gallery","type-dt_gallery","status-publish","has-post-thumbnail","hentry","dt_gallery_category-ecosysteme-du-paramo-et-de-la-foret-andine","dt_gallery_category-62","description-off"],"yoast_head":"<!-- This site is optimized with the Yoast SEO plugin v27.5 - https:\/\/yoast.com\/product\/yoast-seo-wordpress\/ -->\n<title>Ecosyst\u00e8me du p\u00e1ramo et de la for\u00eat andine - Impulsoverde.org - Miroir IV<\/title>\n<meta name=\"robots\" content=\"noindex, follow, max-snippet:-1, max-image-preview:large, max-video-preview:-1\" \/>\n<meta property=\"og:locale\" content=\"fr_FR\" \/>\n<meta property=\"og:type\" content=\"article\" \/>\n<meta property=\"og:title\" content=\"Ecosyst\u00e8me du p\u00e1ramo et de la for\u00eat andine - Impulsoverde.org - Miroir IV\" \/>\n<meta property=\"og:url\" content=\"https:\/\/miroir-iv.mis-amigos-los-arboles.org\/fr\/dt_gallery\/ecosysteme-du-paramo-et-de-la-foret-andine\/\" \/>\n<meta property=\"og:site_name\" content=\"Impulsoverde.org - Miroir IV\" \/>\n<meta property=\"article:modified_time\" content=\"2023-02-07T14:05:19+00:00\" \/>\n<meta name=\"twitter:card\" content=\"summary_large_image\" \/>\n<script type=\"application\/ld+json\" class=\"yoast-schema-graph\">{\"@context\":\"https:\\\/\\\/schema.org\",\"@graph\":[{\"@type\":\"WebPage\",\"@id\":\"https:\\\/\\\/miroir-iv.mis-amigos-los-arboles.org\\\/fr\\\/dt_gallery\\\/ecosysteme-du-paramo-et-de-la-foret-andine\\\/\",\"url\":\"https:\\\/\\\/miroir-iv.mis-amigos-los-arboles.org\\\/fr\\\/dt_gallery\\\/ecosysteme-du-paramo-et-de-la-foret-andine\\\/\",\"name\":\"Ecosyst\u00e8me du p\u00e1ramo et de la for\u00eat andine - Impulsoverde.org - Miroir IV\",\"isPartOf\":{\"@id\":\"https:\\\/\\\/miroir-iv.mis-amigos-los-arboles.org\\\/#website\"},\"primaryImageOfPage\":{\"@id\":\"https:\\\/\\\/miroir-iv.mis-amigos-los-arboles.org\\\/fr\\\/dt_gallery\\\/ecosysteme-du-paramo-et-de-la-foret-andine\\\/#primaryimage\"},\"image\":{\"@id\":\"https:\\\/\\\/miroir-iv.mis-amigos-los-arboles.org\\\/fr\\\/dt_gallery\\\/ecosysteme-du-paramo-et-de-la-foret-andine\\\/#primaryimage\"},\"thumbnailUrl\":\"https:\\\/\\\/miroir-iv.mis-amigos-los-arboles.org\\\/wp-content\\\/uploads\\\/2023\\\/01\\\/paramos-narino.jpg\",\"datePublished\":\"2023-01-27T16:21:30+00:00\",\"dateModified\":\"2023-02-07T14:05:19+00:00\",\"breadcrumb\":{\"@id\":\"https:\\\/\\\/miroir-iv.mis-amigos-los-arboles.org\\\/fr\\\/dt_gallery\\\/ecosysteme-du-paramo-et-de-la-foret-andine\\\/#breadcrumb\"},\"inLanguage\":\"fr-FR\",\"potentialAction\":[{\"@type\":\"ReadAction\",\"target\":[\"https:\\\/\\\/miroir-iv.mis-amigos-los-arboles.org\\\/fr\\\/dt_gallery\\\/ecosysteme-du-paramo-et-de-la-foret-andine\\\/\"]}]},{\"@type\":\"ImageObject\",\"inLanguage\":\"fr-FR\",\"@id\":\"https:\\\/\\\/miroir-iv.mis-amigos-los-arboles.org\\\/fr\\\/dt_gallery\\\/ecosysteme-du-paramo-et-de-la-foret-andine\\\/#primaryimage\",\"url\":\"https:\\\/\\\/miroir-iv.mis-amigos-los-arboles.org\\\/wp-content\\\/uploads\\\/2023\\\/01\\\/paramos-narino.jpg\",\"contentUrl\":\"https:\\\/\\\/miroir-iv.mis-amigos-los-arboles.org\\\/wp-content\\\/uploads\\\/2023\\\/01\\\/paramos-narino.jpg\",\"width\":2560,\"height\":1244},{\"@type\":\"BreadcrumbList\",\"@id\":\"https:\\\/\\\/miroir-iv.mis-amigos-los-arboles.org\\\/fr\\\/dt_gallery\\\/ecosysteme-du-paramo-et-de-la-foret-andine\\\/#breadcrumb\",\"itemListElement\":[{\"@type\":\"ListItem\",\"position\":1,\"name\":\"Portada\",\"item\":\"https:\\\/\\\/miroir-iv.mis-amigos-los-arboles.org\\\/fr\\\/la-fondation\\\/\"},{\"@type\":\"ListItem\",\"position\":2,\"name\":\"\u00c1lbumes de fotos\",\"item\":\"https:\\\/\\\/miroir-iv.mis-amigos-los-arboles.org\\\/dt_gallery\\\/\"},{\"@type\":\"ListItem\",\"position\":3,\"name\":\"Ecosyst\u00e8me du p\u00e1ramo et de la for\u00eat andine\"}]},{\"@type\":\"WebSite\",\"@id\":\"https:\\\/\\\/miroir-iv.mis-amigos-los-arboles.org\\\/#website\",\"url\":\"https:\\\/\\\/miroir-iv.mis-amigos-los-arboles.org\\\/\",\"name\":\"Impulsoverde.org - Miroir IV\",\"description\":\"Site miroir -Impulsoverde.org \",\"potentialAction\":[{\"@type\":\"SearchAction\",\"target\":{\"@type\":\"EntryPoint\",\"urlTemplate\":\"https:\\\/\\\/miroir-iv.mis-amigos-los-arboles.org\\\/?s={search_term_string}\"},\"query-input\":{\"@type\":\"PropertyValueSpecification\",\"valueRequired\":true,\"valueName\":\"search_term_string\"}}],\"inLanguage\":\"fr-FR\"}]}<\/script>\n<!-- \/ Yoast SEO plugin. -->","yoast_head_json":{"title":"Ecosyst\u00e8me du p\u00e1ramo et de la for\u00eat andine - Impulsoverde.org - Miroir IV","robots":{"index":"noindex","follow":"follow","max-snippet":"max-snippet:-1","max-image-preview":"max-image-preview:large","max-video-preview":"max-video-preview:-1"},"og_locale":"fr_FR","og_type":"article","og_title":"Ecosyst\u00e8me du p\u00e1ramo et de la for\u00eat andine - Impulsoverde.org - Miroir IV","og_url":"https:\/\/miroir-iv.mis-amigos-los-arboles.org\/fr\/dt_gallery\/ecosysteme-du-paramo-et-de-la-foret-andine\/","og_site_name":"Impulsoverde.org - Miroir IV","article_modified_time":"2023-02-07T14:05:19+00:00","twitter_card":"summary_large_image","schema":{"@context":"https:\/\/schema.org","@graph":[{"@type":"WebPage","@id":"https:\/\/miroir-iv.mis-amigos-los-arboles.org\/fr\/dt_gallery\/ecosysteme-du-paramo-et-de-la-foret-andine\/","url":"https:\/\/miroir-iv.mis-amigos-los-arboles.org\/fr\/dt_gallery\/ecosysteme-du-paramo-et-de-la-foret-andine\/","name":"Ecosyst\u00e8me du p\u00e1ramo et de la for\u00eat andine - Impulsoverde.org - Miroir IV","isPartOf":{"@id":"https:\/\/miroir-iv.mis-amigos-los-arboles.org\/#website"},"primaryImageOfPage":{"@id":"https:\/\/miroir-iv.mis-amigos-los-arboles.org\/fr\/dt_gallery\/ecosysteme-du-paramo-et-de-la-foret-andine\/#primaryimage"},"image":{"@id":"https:\/\/miroir-iv.mis-amigos-los-arboles.org\/fr\/dt_gallery\/ecosysteme-du-paramo-et-de-la-foret-andine\/#primaryimage"},"thumbnailUrl":"https:\/\/miroir-iv.mis-amigos-los-arboles.org\/wp-content\/uploads\/2023\/01\/paramos-narino.jpg","datePublished":"2023-01-27T16:21:30+00:00","dateModified":"2023-02-07T14:05:19+00:00","breadcrumb":{"@id":"https:\/\/miroir-iv.mis-amigos-los-arboles.org\/fr\/dt_gallery\/ecosysteme-du-paramo-et-de-la-foret-andine\/#breadcrumb"},"inLanguage":"fr-FR","potentialAction":[{"@type":"ReadAction","target":["https:\/\/miroir-iv.mis-amigos-los-arboles.org\/fr\/dt_gallery\/ecosysteme-du-paramo-et-de-la-foret-andine\/"]}]},{"@type":"ImageObject","inLanguage":"fr-FR","@id":"https:\/\/miroir-iv.mis-amigos-los-arboles.org\/fr\/dt_gallery\/ecosysteme-du-paramo-et-de-la-foret-andine\/#primaryimage","url":"https:\/\/miroir-iv.mis-amigos-los-arboles.org\/wp-content\/uploads\/2023\/01\/paramos-narino.jpg","contentUrl":"https:\/\/miroir-iv.mis-amigos-los-arboles.org\/wp-content\/uploads\/2023\/01\/paramos-narino.jpg","width":2560,"height":1244},{"@type":"BreadcrumbList","@id":"https:\/\/miroir-iv.mis-amigos-los-arboles.org\/fr\/dt_gallery\/ecosysteme-du-paramo-et-de-la-foret-andine\/#breadcrumb","itemListElement":[{"@type":"ListItem","position":1,"name":"Portada","item":"https:\/\/miroir-iv.mis-amigos-los-arboles.org\/fr\/la-fondation\/"},{"@type":"ListItem","position":2,"name":"\u00c1lbumes de fotos","item":"https:\/\/miroir-iv.mis-amigos-los-arboles.org\/dt_gallery\/"},{"@type":"ListItem","position":3,"name":"Ecosyst\u00e8me du p\u00e1ramo et de la for\u00eat andine"}]},{"@type":"WebSite","@id":"https:\/\/miroir-iv.mis-amigos-los-arboles.org\/#website","url":"https:\/\/miroir-iv.mis-amigos-los-arboles.org\/","name":"Impulsoverde.org - Miroir IV","description":"Site miroir -Impulsoverde.org ","potentialAction":[{"@type":"SearchAction","target":{"@type":"EntryPoint","urlTemplate":"https:\/\/miroir-iv.mis-amigos-los-arboles.org\/?s={search_term_string}"},"query-input":{"@type":"PropertyValueSpecification","valueRequired":true,"valueName":"search_term_string"}}],"inLanguage":"fr-FR"}]}},"_links":{"self":[{"href":"https:\/\/miroir-iv.mis-amigos-los-arboles.org\/fr\/wp-json\/wp\/v2\/dt_gallery\/13717","targetHints":{"allow":["GET"]}}],"collection":[{"href":"https:\/\/miroir-iv.mis-amigos-los-arboles.org\/fr\/wp-json\/wp\/v2\/dt_gallery"}],"about":[{"href":"https:\/\/miroir-iv.mis-amigos-los-arboles.org\/fr\/wp-json\/wp\/v2\/types\/dt_gallery"}],"author":[{"embeddable":true,"href":"https:\/\/miroir-iv.mis-amigos-los-arboles.org\/fr\/wp-json\/wp\/v2\/users\/1"}],"replies":[{"embeddable":true,"href":"https:\/\/miroir-iv.mis-amigos-los-arboles.org\/fr\/wp-json\/wp\/v2\/comments?post=13717"}],"version-history":[{"count":1,"href":"https:\/\/miroir-iv.mis-amigos-los-arboles.org\/fr\/wp-json\/wp\/v2\/dt_gallery\/13717\/revisions"}],"predecessor-version":[{"id":13718,"href":"https:\/\/miroir-iv.mis-amigos-los-arboles.org\/fr\/wp-json\/wp\/v2\/dt_gallery\/13717\/revisions\/13718"}],"wp:featuredmedia":[{"embeddable":true,"href":"https:\/\/miroir-iv.mis-amigos-los-arboles.org\/fr\/wp-json\/wp\/v2\/media\/12831"}],"wp:attachment":[{"href":"https:\/\/miroir-iv.mis-amigos-los-arboles.org\/fr\/wp-json\/wp\/v2\/media?parent=13717"}],"wp:term":[{"taxonomy":"dt_gallery_category","embeddable":true,"href":"https:\/\/miroir-iv.mis-amigos-los-arboles.org\/fr\/wp-json\/wp\/v2\/dt_gallery_category?post=13717"}],"curies":[{"name":"wp","href":"https:\/\/api.w.org\/{rel}","templated":true}]}}

Ecosystème du páramo et de la forêt andine

<!-- This site is optimized with the Yoast SEO plugin v27.5 - https://yoast.com/product/yoast-seo-wordpress/ -->
<title>Ecosystème du páramo et de la forêt andine - Impulsoverde.org - Miroir IV</title>
<meta name="robots" content="noindex, follow, max-snippet:-1, max-image-preview:large, max-video-preview:-1" />
<meta property="og:locale" content="fr_FR" />
<meta property="og:type" content="article" />
<meta property="og:title" content="Ecosystème du páramo et de la forêt andine - Impulsoverde.org - Miroir IV" />
<meta property="og:url" content="https://miroir-iv.mis-amigos-los-arboles.org/fr/dt_gallery/ecosysteme-du-paramo-et-de-la-foret-andine/" />
<meta property="og:site_name" content="Impulsoverde.org - Miroir IV" />
<meta property="article:modified_time" content="2023-02-07T14:05:19+00:00" />
<meta name="twitter:card" content="summary_large_image" />
<script type="application/ld+json" class="yoast-schema-graph">{"@context":"https:\/\/schema.org","@graph":[{"@type":"WebPage","@id":"https:\/\/miroir-iv.mis-amigos-los-arboles.org\/fr\/dt_gallery\/ecosysteme-du-paramo-et-de-la-foret-andine\/","url":"https:\/\/miroir-iv.mis-amigos-los-arboles.org\/fr\/dt_gallery\/ecosysteme-du-paramo-et-de-la-foret-andine\/","name":"Ecosystème du páramo et de la forêt andine - Impulsoverde.org - Miroir IV","isPartOf":{"@id":"https:\/\/miroir-iv.mis-amigos-los-arboles.org\/#website"},"primaryImageOfPage":{"@id":"https:\/\/miroir-iv.mis-amigos-los-arboles.org\/fr\/dt_gallery\/ecosysteme-du-paramo-et-de-la-foret-andine\/#primaryimage"},"image":{"@id":"https:\/\/miroir-iv.mis-amigos-los-arboles.org\/fr\/dt_gallery\/ecosysteme-du-paramo-et-de-la-foret-andine\/#primaryimage"},"thumbnailUrl":"https:\/\/miroir-iv.mis-amigos-los-arboles.org\/wp-content\/uploads\/2023\/01\/paramos-narino.jpg","datePublished":"2023-01-27T16:21:30+00:00","dateModified":"2023-02-07T14:05:19+00:00","breadcrumb":{"@id":"https:\/\/miroir-iv.mis-amigos-los-arboles.org\/fr\/dt_gallery\/ecosysteme-du-paramo-et-de-la-foret-andine\/#breadcrumb"},"inLanguage":"fr-FR","potentialAction":[{"@type":"ReadAction","target":["https:\/\/miroir-iv.mis-amigos-los-arboles.org\/fr\/dt_gallery\/ecosysteme-du-paramo-et-de-la-foret-andine\/"]}]},{"@type":"ImageObject","inLanguage":"fr-FR","@id":"https:\/\/miroir-iv.mis-amigos-los-arboles.org\/fr\/dt_gallery\/ecosysteme-du-paramo-et-de-la-foret-andine\/#primaryimage","url":"https:\/\/miroir-iv.mis-amigos-los-arboles.org\/wp-content\/uploads\/2023\/01\/paramos-narino.jpg","contentUrl":"https:\/\/miroir-iv.mis-amigos-los-arboles.org\/wp-content\/uploads\/2023\/01\/paramos-narino.jpg","width":2560,"height":1244},{"@type":"BreadcrumbList","@id":"https:\/\/miroir-iv.mis-amigos-los-arboles.org\/fr\/dt_gallery\/ecosysteme-du-paramo-et-de-la-foret-andine\/#breadcrumb","itemListElement":[{"@type":"ListItem","position":1,"name":"Portada","item":"https:\/\/miroir-iv.mis-amigos-los-arboles.org\/fr\/la-fondation\/"},{"@type":"ListItem","position":2,"name":"Álbumes de fotos","item":"https:\/\/miroir-iv.mis-amigos-los-arboles.org\/dt_gallery\/"},{"@type":"ListItem","position":3,"name":"Ecosystème du páramo et de la forêt andine"}]},{"@type":"WebSite","@id":"https:\/\/miroir-iv.mis-amigos-los-arboles.org\/#website","url":"https:\/\/miroir-iv.mis-amigos-los-arboles.org\/","name":"Impulsoverde.org - Miroir IV","description":"Site miroir -Impulsoverde.org ","potentialAction":[{"@type":"SearchAction","target":{"@type":"EntryPoint","urlTemplate":"https:\/\/miroir-iv.mis-amigos-los-arboles.org\/?s={search_term_string}"},"query-input":{"@type":"PropertyValueSpecification","valueRequired":true,"valueName":"search_term_string"}}],"inLanguage":"fr-FR"}]}</script>
<!-- / Yoast SEO plugin. -->

Ecosystème du páramo et de la forêt andine - Impulsoverde.org - Miroir IV

Álbumes de fotos
